 - 4918. What are the prime factors of m?
521
Suppose 0 = 23*r - 16*r - 2394. What are the prime factors of r?
2, 3, 19
List the prime factors of (-2)/(8/6)*(-47200)/75.
2, 59
Let y = -747 - -1643. List the prime factors of y.
2, 7
Let v = 4 - -479. List the prime factors of v.
3, 7, 23
List the prime factors of 238 - (4 + -1 - (24 + -22)).
3, 79
Suppose 33*u - 960 = 28*u. Suppose -9*y + u + 474 = 0. What are the prime factors of y?
2, 37
Let t(b) = b**2 + 20*b + 1. Let s be t(-21). Let f = -5 + s. List the prime factors of f.
17
Let b be 90/25*10/4. Let c = -37 - -69. Let o = c - b. List the prime factors of o.
23
Suppose -r = -0*r. Let d = -51 - -54. Suppose r = d*t + t - 44. List the prime factors of t.
11
Let c(x) = 2*x**2 + 38*x + 19. Let w be 211/(-11) + 26/143. What are the prime factors of c(w)?
19
Suppose 25*m = 20*m - 110. What are the prime factors of (-39)/4*11/(m/24)?
3, 13
Let r = -679 + 941. What are the prime factors of r?
2, 131
Suppose -867 - 775 = -2*h. List the prime factors of h.
821
Suppose -o - 4*o = -10. Suppose -5*u = -5*d + 350, 8*d + o*u - 280 = 4*d. List the prime factors of d.
2, 5, 7
Let t(r) = -3*r + 26. Let j be t(7). Suppose 13*y - 496 = j*y. List the prime factors of y.
2, 31
Suppose 3514 = 19*p - 1635. What are the prime factors of p?
271
Let k be (36/(-8))/((-1)/(-2)). Let q = k - -66. What are the prime factors of q?
3, 19
Suppose -11*r = -311 - 1009. Let p = r - 37. List the prime factors of p.
83
Suppose 2*h - 6*u + 9*u = 8902, 7*h - 31134 = u. What are the prime factors of h?
2, 139
Suppose 7*r = -265 + 986. Let a = -41 + r. List the prime factors of a.
2, 31
Let f(v) = 3*v**2 + 2. Let b be f(2). Let o = -10 + b. Suppose -o = -u + 6. What are the prime factors of u?
2, 5
Let m be (-6)/(-3)*369/2. Let a = m - 256. List the prime factors of a.
113
Let b(i) = 6*i - 7*i + 3*i**2 + 4 + 13*i - 2*i**2. Let v be b(-12). Suppose -d = v*d - 145. What are the prime factors of d?
29
Suppose -4*y + 3*y + 2338 = 3*q, 3*q - 3*y = 2346. Suppose 0 = -6*d + 11*d - q. What are the prime factors of d?
2, 3, 13
Let g(y) = -6*y + 6. Let p be g(1). Suppose -6*b + 257 + 265 = p. What are the prime factors of b?
3, 29
Suppose -10152 = 15*h - 24*h. List the prime factors of h.
2, 3, 47
Suppose -3*p + 167 + 1201 = 3*s, 4*p = -5*s + 2280. List the prime factors of s.
2, 3, 19
List the prime factors of (-14 - 7)/(0 - 1).
3, 7
Let k = -250 - -426. Let q = 281 - k. What are the prime factors of q?
3, 5, 7
Let a = -12 - -12. Suppose -4*l + 4*u + 28 = -0*u, -3*l + 2*u + 20 = a. Let w(d) = 2*d**2 - 8*d - 4. What are the prime factors of w(l)?
2, 5
Suppose -6*t + 5*t + 2 = 0. Suppose f - 2*p = -3*f + 178, 3*p - 101 = -t*f. What are the prime factors of f?
2, 23
Suppose -340 - 530 = -2*w - 2*v, w = -5*v + 455. What are the prime factors of w?
2, 5, 43
Suppose -5*t - 709 = -3*n - 4112, n - 2039 = -3*t. What are the prime factors of t?
2, 5, 17
Let v be 528/(-120) + (-4)/(-10). Let s(h) be the first derivative of -h**4/4 - 2*h**3/3 + 2*h**2 - 3*h + 1. List the prime factors of s(v).
13
Let z = 71 + -69. Suppose 0 = -3*x + 3*c - 2*c - 77, 33 = -2*x - 3*c. Let h = z - x. List the prime factors of h.
2, 13
Let h(i) = -3*i**2 + 7. Let c(u) = 7*u**2 + u - 17. Let s(v) = 4*c(v) + 9*h(v). Suppose 4*z + 4*o = -z + 28, -4*o + 16 = 2*z. List the prime factors of s(z).
3
Let j(m) = -6*m**3 - m**2 - m - 7. Let z be j(-3). Suppose -67 - z = -6*c. List the prime factors of c.
2, 3
Let y(d) = d**2 - 8*d - 6. Let a be y(9). Suppose a*u + 3 = 6*u. What are the prime factors of u/(-3) + 58/3?
19
Suppose -31*s + 248 = 3*y - 26*s, 0 = -4*y - 4*s + 328. What are the prime factors of y?
3
Let b(l) = 2*l**2 + 14*l + 3. Let p be b(-7). Suppose -p = 5*f - 263. List the prime factors of f.
2, 13
Suppose -2*v + 3422 = -2*d, -3*v - 2*v - 2*d + 8527 = 0. What are the prime factors of v?
3, 569
Let p(z) = z**2 - 6*z - 2. Let m = -13 + 9. What are the prime factors of p(m)?
2, 19
Let a(i) = 5*i**2 + 26*i + 496. What are the prime factors of a(-21)?
5, 431
Let w = -504 + 1021. What are the prime factors of w?
11, 47
Let d = -8845 - -4266. List the prime factors of 1*-1*d/19.
241
Let t(m) = -108*m - 3. Suppose 5*k = 5*q + 15, 6 + 4 = -4*q + 2*k. List the prime factors of t(q).
3, 71
Let p = -1688 - -2149. What are the prime factors of p?
461
Let h(g) = 222*g**3 - 9*g**2 - 13*g + 2. Let p(l) = 111*l**3 - 5*l**2 - 7*l + 1. Let y(v) = 6*h(v) - 11*p(v). List the prime factors of y(1).
2, 7
Let c(l) = 164*l**2 - 7*l + 8. What are the prime factors of c(-4)?
2, 5, 7, 19
Suppose 2*c + 3*k - 12 = c, 4*c + 12 = 3*k. Suppose 7*q - 2*q = c. Suppose 0 = -4*g - 3*z + 183, q = 3*g - 3*z + 5*z - 136. List the prime factors of g.
2, 3, 7
Let h be 6/8 - (-2065)/20. Suppose 3 = -3*k + 9. Suppose h = k*x - 10. What are the prime factors of x?
3, 19
What are the prime factors of 1/5 - (-6432)/15?
3, 11, 13
Suppose 2*u + 8 = -2*y, -y + 1 + 5 = -u. What are the prime factors of (14 + y)/(39/52)?
2, 5
Let d be 42 - 4 - (3 - 6). Let q = d + -39. List the prime factors of -2*q + (6 - -33).
5, 7
Let b = 2111 - 1329. Suppose 0 = -12*x + b + 166. What are the prime factors of x?
79
Suppose 5*l - 25 = -5. Suppose -2*v + 5 = -k, -k + l = v - 3. List the prime factors of (-3)/(-6)*v + 2.
2
Suppose 0 = -0*y + y - 3. Suppose 11 = y*l + 2*i, 0*l + 2*l + 2*i = 8. What are the prime factors of l?
3
Let a(z) be the first derivative of -6*z**2 + 2*z - 6. Let n be a(-1). What are the prime factors of (-4)/n - 163/(-7)?
23
Let p(s) be the second derivative of -s**5/4 + s**2/2 + 6*s. Let l be p(-1). Suppose 9 = -l*x + 39. What are the prime factors of x?
5
Let c = -59 + 63. Suppose -k = c*f - 240, -3*k + 210 = 5*f - 83. What are the prime factors of f?
61
Let h be ((-60)/100)/((-1)/45). Let d = 17 - h. Let w = d + 37. List the prime factors of w.
3
Let a = 164 - 117. What are the prime factors of a?
47
Suppose -4*r + 250 = 78. Suppose 2*z - r - 31 = 0. List the prime factors of z.
37
Let w = 63 + -38. Let o = 20 - w. List the prime factors of o/10 + (-117)/(-6).
19
Suppose 197 - 666 = -7*s. Let x = s + 0. List the prime factors of x.
67
Let f = 9 + -5. Suppose f = -0*n + n, -4*j + n + 32 = 0. Suppose 31 = g - 4*a, -4*g + j*a - 4*a = -80. What are the prime factors of g?
3, 5
Let x(r) = 2*r - 6. Let m be x(5). Suppose 4*c - 205 = -m*w + 195, 0 = 5*w - 2*c - 493. Suppose -3*b + w = -0*b. What are the prime factors of b?
3, 11
What are the prime factors of -5 + -3 + 441 + -8?
5, 17
Let h be 8/6*(3 - (-6 + 3)). What are the prime factors of (-2)/1*(-1 - 4/h)?
3
Suppose 5*r + 2860 = 18*r. List the prime factors of r.
2, 5, 11
Suppose 0 = 5*f - 2000 - 975. What are the prime factors of f?
5, 7, 17
Let n(m) = -5*m - 10. Let b be ((-1)/3)/((-9)/(-81)). Let j be n(b). Suppose 3*y + 8 + 19 = h, -235 = -5*h - j*y. List the prime factors of h.
2, 3, 7
Let c = -10 + 13. Suppose -i + c*i = -12. What are the prime factors of 1 + i/(-2) + 0?
2
Suppose 5 = 6*o + 5. Suppose n - 4*l = 31 + 76, 3*l + 9 = o. What are the prime factors of n?
5, 19
Let a(c) be the second derivative of c**4/6 + c**2/2 - 2*c. Let w be a(1). Suppose w*g = -32 + 116. What are the prime factors of g?
2, 7
Let x = -1165 - -709. Suppose -3*j - 7 = -v, 3*v - 3 = j + 2*j. List the prime factors of v/(-11) + x/(-33).
2, 7
Let s = 36 - 40. Let k(n) = 6*n**2 + 4*n + 3. What are the prime factors of k(s)?
83
Let d = -1251 - -2158. List the prime factors of d.
907
Let z(x) = x**3 - 18*x**2 + 37*x - 17. Let q be z(17). Suppose -424 - q = -3*b. What are the prime factors of b?
3, 83
Let g(d) be the third derivative of d**5/6 + d**4/4 - d**3 + d**2. Let z be g(4). Suppose 0 = 3*m + 37 - z. What are the prime factors of m?
47
Let v(f) = f**3 - 18*f**2 + 19*f + 32. Let m be v(17). Suppose -m = 150*q - 153*q. List the prime factors of q.
2, 11
List the prime factors of (328/16)/(-1 + 2)*32.
2, 41
Suppose -5*y + 5 = -15. Let t(f) = 8*f - 6. Let l be t(y). Let v = l - 15. List the prime factors of v.
11
Let c = 128 - 67. Suppose 2*y - 3*y + u + c = 0, 0 = 5*y + 3*u - 337. List the prime factors of y.
5, 13
Suppose 2948 = -11*p + 30712. List the prime factors of p.
2, 631
Suppose -14*x - 3474 = -2*u - 16*x, -15 = -3*x. List the prime factors of u.
2, 433
Let f be 8/(-2)*